s the units digit of 91317?
7
What is the hundreds digit of 102089?
0
What is the hundred thousands digit of 138696?
1
What is the millions digit of 27896359?
7
What is the hundred thousands digit of 1683599?
6
What is the thousands digit of 868418?
8
What is the tens digit of 4282942?
4
What is the thousands digit of 35062?
5
What is the tens digit of 3799346?
4
What is the ten thousands digit of 479185?
7
What is the thousands digit of 46501?
6
What is the units digit of 159029?
9
What is the hundred thousands digit of 6473255?
4
What is the thousands digit of 15184212?
4
What is the hundreds digit of 1338821?
8
What is the units digit of 197767?
7
What is the thousands digit of 84960?
4
What is the ten thousands digit of 2180928?
8
What is the units digit of 246747?
7
What is the units digit of 231388?
8
What is the tens digit of 996131?
3
What is the tens digit of 430332?
3
What is the ten thousands digit of 551501?
5
What is the ten thousands digit of 689687?
8
What is the tens digit of 156112?
1
What is the tens digit of 292310?
1
What is the tens digit of 469222?
2
What is the thousands digit of 2759562?
9
What is the thousands digit of 806967?
6
What is the ten millions digit of 15372685?
1
What is the hundred thousands digit of 406976?
4
What is the tens digit of 309710?
1
What is the tens digit of 7006798?
9
What is the hundreds digit of 651020?
0
What is the units digit of 15328?
8
What is the hundred thousands digit of 418185?
4
What is the thousands digit of 1422443?
2
What is the hundred thousands digit of 109588?
1
What is the units digit of 10631912?
2
What is the hundreds digit of 278018?
0
What is the tens digit of 45697?
9
What is the hundreds digit of 322124?
1
What is the ten thousands digit of 91883?
9
What is the tens digit of 4589002?
0
What is the ten thousands digit of 233135?
3
What is the units digit of 188499?
9
What is the millions digit of 4181491?
4
What is the millions digit of 1036891?
1
What is the ten thousands digit of 74887?
7
What is the tens digit of 14054594?
9
What is the hundreds digit of 259856?
8
What is the hundreds digit of 163266?
2
What is the thousands digit of 369631?
9
What is the thousands digit of 18045?
8
What is the units digit of 892480?
0
What is the hundred thousands digit of 740019?
7
What is the ten thousands digit of 10041284?
4
What is the hundred thousands digit of 13444376?
4
What is the millions digit of 1882000?
1
What is the hundred thousands digit of 1894143?
8
What is the tens digit of 755439?
3
What is the hundreds digit of 3652827?
8
What is the ten thousands digit of 86387?
8
What is the hundred thousands digit of 1344237?
3
What is the thousands digit of 10947803?
7
What is the thousands digit of 2611053?
1
What is the ten thousands digit of 552776?
5
What is the thousands digit of 739906?
9
What is the tens digit of 22802691?
9
What is the units digit of 2977168?
8
What is the hundreds digit of 726338?
3
What is the tens digit of 1513866?
6
What is the units digit of 48328?
8
What is the ten thousands digit of 158298?
5
What is the units digit of 152270?
0
What is the ten thousands digit of 4271391?
7
What is the units digit of 15471552?
2
What is the thousands digit of 4356743?
6
What is the units digit of 747644?
4
What is the hundreds digit of 311289?
2
What is the units digit of 340341?
1
What is the units digit of 5468256?
6
What is the tens digit of 1814105?
0
What is the thousands digit of 51330?
1
What is the millions digit of 31435093?
1
What is the hundred thousands digit of 15399961?
3
What is the hundreds digit of 18140760?
7
What is the hundreds digit of 1728104?
1
What is the tens digit of 211157?
5
What is the thousands digit of 18339637?
9
What is the units digit of 1999089?
9
What is the hundreds digit of 116851?
8
What is the hundreds digit of 7433233?
2
What is the tens digit of 236638?
3
What is the units digit of 684609?
9
What is the ten thousands digit of 676556?
7
What is the hundred thousands digit of 15680527?
6
What is the units digit of 11431502?
2
What is the units digit of 7770983?
3
What is the hundred thousands digit of 1191947?
1
What is the hundred thousands digit of 126670?
1
What is the ten thousands digit of 897726?
9
What is the units digit of 540450?
0
What is the millions digit of 2843540?
2
What is the hundred thousands digit of 26562578?
5
What is the units digit of 2397?
7
What is the tens digit of 59851?
5
What is the hundreds digit of 15271893?
8
What is the units digit of 291757?
7
What is the tens digit of 270919?
1
What is the tens digit of 813015?
1
What is the hundred thousands digit of 1325415?
3
What is the hundreds digit of 8203068?
0
What is the hundreds digit of 201243?
2
What is the thousands digit of 3617076?
7
What is the units digit of 181122?
2
What is the hundred thousands digit of 10505753?
5
What is the ten thousands digit of 1325181?
2
What is the units digit of 569854?
4
What is the thousands digit of 326582?
6
What is the hundreds digit of 5079129?
1
What is the ten thousands digit of 55673?
5
What is the ten thousands digit of 247502?
4
What is the ten thousands digit of 17416057?
1
What is the ten thousands digit of 473283?
7
What is the millions digit of 3144506?
3
What is the millions digit of 1019650?
1
What is the tens digit of 188043?
4
What is the hundred thousands digit of 979599?
9
What is the hundred thousands digit of 1234649?
2
What is the hundreds digit of 614578?
5
What is the units digit of 1110603?
3
What is the thousands digit of 309298?
9
What is the units digit of 2128720?
0
What is the hundreds digit of 3036987?
9
What is the thousands digit of 506185?
6
What is the hundreds digit of 4102006?
0
What is the units digit of 160550?
0
What is the millions digit of 3702654?
3
What is the tens digit of 81895?
9
What is the ten thousands digit of 1240829?
4
What is the units digit of 355503?
3
What is the units digit of 29995?
5
What is the units digit of 447690?
0
What is the ten thousands digit of 186884?
8
What is the hundred thousands digit of 11012460?
0
What is the hundreds digit of 127754?
7
What is the hundred thousands digit of 132836?
1
What is the hundreds digit of 40746?
7
What is the thousands digit of 620532?
0
What is the units digit of 432028?
8
What is the hundreds digit of 164434?
4
What is the ten thousands digit of 1658241?
5
What is the hundreds digit of 28705699?
6
What is the ten thousands digit of 449729?
4
What is the thousands digit of 410203?
0
What is the hundred thousands digit of 3954023?
9
What is the thousands digit of 704350?
4
What is the ten thousands digit of 2826080?
2
What is the hundred thousands digit of 348156?
3
What is the tens digit of 802051?
5
What is the tens digit of 656851?
5
What is the thousands digit of 334946?
4
What is the hundred thousands digit of 541998?
5
What is the hundred thousands digit of 147022?
1
What is the thousands digit of 1205879?
5
What is the thousands digit of 4229440?
9
What is the thousands digit of 61668?
1
What is the thousands digit of 536451?
6
What is the hundreds digit of 6484943?
9
What is the ten thousands digit of 184365?
8
What is the hundred thousands digit of 4525876?
5
What is the hundreds digit of 1481748?
7
What is the units digit of 31040?
0
What is the tens digit of 720978?
7
What is the units digit of 8596226?
6
What is the tens digit of 3248399?
9
What is the thousands digit of 370026?
0
What is the millions digit of 6529520?
6
What is the tens digit of 3737443?
4
What is the units digit of 87341?
1
What is the thousands digit of 5931982?
1
What is the hundred thousands digit of 321998?
3
What is the tens digit of 572283?
8
What is the hundreds digit of 328120?
1
What is the units digit of 175694?
4
What is the ten thousands digit of 255508?
5
What is the hundred thousands digit of 1910195?
9
What is the tens digit of 1334914?
1
What is the tens digit of 3236437?
3
What is the millions digit of 1230703?
1
What is the hundred thousands digit of 3317787?
3
What is the tens digit of 2167497?
9
What is the units digit of 188948?
8
What is the units digit of 2166113?
3
What is the units digit of 1994431?
1
What is the units digit of 169171?
1
What is the tens digit of 2178008?
0
What is the millions